{"id":135,"date":"2016-10-23T19:04:04","date_gmt":"2016-10-23T17:04:04","guid":{"rendered":"http:\/\/calculemus.org\/fi2\/?page_id=135"},"modified":"2016-10-23T19:04:04","modified_gmt":"2016-10-23T17:04:04","slug":"m-szynkiewicz","status":"publish","type":"page","link":"https:\/\/calculemus.org\/fi2\/m-szynkiewicz\/","title":{"rendered":"Mariusz Szynkiewicz (UAM)<br><i>Odpowiedzialno\u015b\u0107 moralna a artefakty techniczne. Wybrane zagadnienia informatyzacji i robotyzacji wsp\u00f3\u0142czesnego pola walki<\/i>"},"content":{"rendered":"<p>Technika i technologia w spos\u00f3b istotny wp\u0142ywaj\u0105 na kszta\u0142t wsp\u00f3\u0142czesnej refleksji filozoficznej znajduj\u0105c swoje odzwierciedlenie mi\u0119dzy innymi w coraz wi\u0119kszym zainteresowaniu filozofi\u0105 techniki. W ostatnich dekadach szczeg\u00f3lnie \u017cywo dyskutowane s\u0105 te tematy, kt\u00f3re wi\u0105\u017c\u0105 si\u0119 z post\u0119pem w zakresie technologii komputerowych. Dzieje si\u0119 tak g\u0142\u00f3wnie z uwagi na post\u0119puj\u0105c\u0105 informatyzacj\u0119 kolejnych sfer \u017cycia ludzkiego. Technika i technologia wp\u0142ywaj\u0105 tak\u017ce na tradycyjne subdyscypliny filozoficzne takie jak: ontologia, estetyka, filozofia spo\u0142eczna, epistemologia czy etyka.\u00a0 W swoim wyst\u0105pieniu skoncentruj\u0119 si\u0119 przede wszystkim na ostatnim spo\u015br\u00f3d wymienionych wy\u017cej obszar\u00f3w problemowych \u2013 etycznych aspektach rozwoju technologii informatycznych i robotyki.<\/p>\n<p>G\u0142\u00f3wnym tematem proponowanego referatu b\u0119d\u0105 dylematy moralne zwi\u0105zane z wybranymi aspektami automatyzacji wsp\u00f3\u0142czesnego pola walki. W wyst\u0105pieniu skoncentruj\u0119 si\u0119 na wykorzystaniu do cel\u00f3w militarnych &#8211; istniej\u0105cych ju\u017c &#8211; autonomicznych maszyn i system\u00f3w bojowych. Zastosowania nowej generacji narz\u0119dzi wojennych podziel\u0119 na dwie zasadnicze klasy: zastosowania strategiczne (realizowane g\u0142\u00f3wnie w zakresie planowania i dowodzenia) oraz taktyczne \u2013 nawi\u0105zuj\u0105ce si\u0119 do u\u017cycia autonomicznych urz\u0105dze\u0144 bojowych do realizacji konkretnych zada\u0144 militarnych. Wzmiankowany problem rozpatrywa\u0107 b\u0119d\u0119 w kontek\u015bcie klasycznego podzia\u0142u na poszczeg\u00f3lne rodzaje broni koncentruj\u0105c si\u0119 jednocze\u015bnie na pytaniu o mo\u017cliwe konsekwencje \u2013 g\u0142\u00f3wnie natury etycznej &#8211; automatyzacji pola walki. W swoich analizach odnios\u0119 si\u0119 g\u0142\u00f3wnie do pogl\u0105d\u00f3w badaczy zajmuj\u0105cych si\u0119 moralnymi aspektami automatyzacji (g\u0142\u00f3wnie informatyzacji i robotyzacji) pola walki. Nawi\u0105\u017c\u0119 r\u00f3wnie\u017c do fundamentalnego \u2013 w kontek\u015bcie prezentowanych rozwa\u017ca\u0144 \u2013 zagadnienia odpowiedzialno\u015bci moralnej artefakt\u00f3w technologicznych.<\/p>\n","protected":false},"excerpt":{"rendered":"<p>Technika i technologia w spos\u00f3b istotny wp\u0142ywaj\u0105 na kszta\u0142t wsp\u00f3\u0142czesnej refleksji filozoficznej znajduj\u0105c swoje odzwierciedlenie mi\u0119dzy innymi w coraz wi\u0119kszym zainteresowaniu filozofi\u0105 techniki. W ostatnich dekadach szczeg\u00f3lnie \u017cywo dyskutowane s\u0105 te tematy, kt\u00f3re wi\u0105\u017c\u0105 si\u0119 z post\u0119pem w zakresie technologii &hellip; <a href=\"https:\/\/calculemus.org\/fi2\/m-szynkiewicz\/\">Czytaj dalej <span class=\"meta-nav\">&rarr;<\/span><\/a><\/p>\n","protected":false},"author":2,"featured_media":0,"parent":0,"menu_order":0,"comment_status":"closed","ping_status":"closed","template":"onecolumn-page.php","meta":[],"_links":{"self":[{"href":"https:\/\/calculemus.org\/fi2\/wp-json\/wp\/v2\/pages\/135"}],"collection":[{"href":"https:\/\/calculemus.org\/fi2\/wp-json\/wp\/v2\/pages"}],"about":[{"href":"https:\/\/calculemus.org\/fi2\/wp-json\/wp\/v2\/types\/page"}],"author":[{"embeddable":true,"href":"https:\/\/calculemus.org\/fi2\/wp-json\/wp\/v2\/users\/2"}],"replies":[{"embeddable":true,"href":"https:\/\/calculemus.org\/fi2\/wp-json\/wp\/v2\/comments?post=135"}],"version-history":[{"count":1,"href":"https:\/\/calculemus.org\/fi2\/wp-json\/wp\/v2\/pages\/135\/revisions"}],"predecessor-version":[{"id":136,"href":"https:\/\/calculemus.org\/fi2\/wp-json\/wp\/v2\/pages\/135\/revisions\/136"}],"wp:attachment":[{"href":"https:\/\/calculemus.org\/fi2\/wp-json\/wp\/v2\/media?parent=135"}],"curies":[{"name":"wp","href":"https:\/\/api.w.org\/{rel}","templated":true}]}}