{"id":16,"date":"2016-06-08T19:01:24","date_gmt":"2016-06-08T17:01:24","guid":{"rendered":"http:\/\/calculemus.org\/fi2\/?page_id=16"},"modified":"2016-11-14T19:00:16","modified_gmt":"2016-11-14T18:00:16","slug":"program","status":"publish","type":"page","link":"https:\/\/calculemus.org\/fi2\/program\/","title":{"rendered":"Program"},"content":{"rendered":"<p>Aby pobra\u0107 i obejrze\u0107 program Konferencji prosz\u0119 klikn\u0105\u0107 <a href=\"http:\/\/stac.calculemus.org\/pdf\/Program_konferencji_zaktualizowany.pdf\" target=\"_blank\">TUTAJ<\/a>.<\/p>\n<p>Rozbudowane abstrakty poszczeg\u00f3lnych wyk\u0142ad\u00f3w i referat\u00f3w mo\u017cna obejrze\u0107 na zak\u0142adce <a href=\"http:\/\/calculemus.org\/fi2\/referaty\">Referaty<\/a>.<\/p>\n<p>Informujemy ponadto, \u017ce w trakcie Konferencji, opr\u00f3cz wskazanych w programie przerw kawowych, s\u0105 przewidziane nast\u0119puj\u0105ce posi\u0142ki dla os\u00f3b zaproszonych:<\/p>\n<p>\u2666 \u00a0 w czwartek (17.11.2016): obiad (o godz. 13:00), bankiet (w godz. 18:00-20:30),<br \/>\n\u2666\u00a0\u00a0 w pi\u0105tek&nbsp;&nbsp;&nbsp;&nbsp;&nbsp;&nbsp;(18.11.2016): obiad (o godz. 13:15).<\/p>\n<p>Na w\/w posi\u0142ki zapraszamy do budynku przy ul. Bernardy\u0144skiej 3 (parter).<\/p>\n","protected":false},"excerpt":{"rendered":"<p>Aby pobra\u0107 i obejrze\u0107 program Konferencji prosz\u0119 klikn\u0105\u0107 TUTAJ. Rozbudowane abstrakty poszczeg\u00f3lnych wyk\u0142ad\u00f3w i referat\u00f3w mo\u017cna obejrze\u0107 na zak\u0142adce Referaty. Informujemy ponadto, \u017ce w trakcie Konferencji, opr\u00f3cz wskazanych w programie przerw kawowych, s\u0105 przewidziane nast\u0119puj\u0105ce posi\u0142ki dla os\u00f3b zaproszonych: \u2666 &hellip; <a href=\"https:\/\/calculemus.org\/fi2\/program\/\">Czytaj dalej <span class=\"meta-nav\">&rarr;<\/span><\/a><\/p>\n","protected":false},"author":1,"featured_media":0,"parent":0,"menu_order":0,"comment_status":"closed","ping_status":"closed","template":"onecolumn-page.php","meta":[],"_links":{"self":[{"href":"https:\/\/calculemus.org\/fi2\/wp-json\/wp\/v2\/pages\/16"}],"collection":[{"href":"https:\/\/calculemus.org\/fi2\/wp-json\/wp\/v2\/pages"}],"about":[{"href":"https:\/\/calculemus.org\/fi2\/wp-json\/wp\/v2\/types\/page"}],"author":[{"embeddable":true,"href":"https:\/\/calculemus.org\/fi2\/wp-json\/wp\/v2\/users\/1"}],"replies":[{"embeddable":true,"href":"https:\/\/calculemus.org\/fi2\/wp-json\/wp\/v2\/comments?post=16"}],"version-history":[{"count":7,"href":"https:\/\/calculemus.org\/fi2\/wp-json\/wp\/v2\/pages\/16\/revisions"}],"predecessor-version":[{"id":175,"href":"https:\/\/calculemus.org\/fi2\/wp-json\/wp\/v2\/pages\/16\/revisions\/175"}],"wp:attachment":[{"href":"https:\/\/calculemus.org\/fi2\/wp-json\/wp\/v2\/media?parent=16"}],"curies":[{"name":"wp","href":"https:\/\/api.w.org\/{rel}","templated":true}]}}