{"id":10,"date":"2018-06-08T22:21:21","date_gmt":"2018-06-08T20:21:21","guid":{"rendered":"http:\/\/calculemus.org\/fi4\/?page_id=10"},"modified":"2018-11-10T17:56:49","modified_gmt":"2018-11-10T16:56:49","slug":"dyskusje","status":"publish","type":"page","link":"https:\/\/calculemus.org\/fi4\/dyskusje\/","title":{"rendered":"Dyskusje"},"content":{"rendered":"<p>Zapraszamy do dyskusji na podane ni\u017cej tematy.<br \/>\nAby do\u0142\u0105czy\u0107 do dyskusji, nale\u017cy klikn\u0105\u0107 odpowiedni link, przeczyta\u0107 tekst (lub teksty) b\u0119d\u0105ce przedmiotem dyskusji, a nast\u0119pnie doda\u0107 sw\u00f3j komentarz (na samym dole strony).<\/p>\n<p><strong>Otwarte dyskusje<\/strong><\/p>\n<p>\u2666 \u00a0 <a href=\"http:\/\/calculemus.org\/fi4\/maslenicki\/\">O autonomii maszyn (i ludzi)<\/a><br \/>\n[dyskusja nad referatem Konrada Ma\u015blenickiego]<\/p>\n<p>\u2666 \u00a0 <a href=\"http:\/\/calculemus.org\/fi4\/bladek-miazga\/\">Mappism.<br \/>\nPhilosophy of Mind from the Perspective of Mathematics and Computer Science<\/a><br \/>\n[dyskusja nad referatem Iwo B\u0142\u0105dka i Konrada Miazgi]<\/p>\n<p>\u2666 \u00a0 <a href=\"http:\/\/calculemus.org\/fi4\/stelmach\/\">Anaksymander z Miletu.<br \/>\nInicjator poj\u0119cia informacji jako czynnika porz\u0105dkuj\u0105cego (chaos)<\/a><br \/>\n[dyskusja nad referatem Micha\u0142a Stelmacha]<\/p>\n","protected":false},"excerpt":{"rendered":"<p>Zapraszamy do dyskusji na podane ni\u017cej tematy. Aby do\u0142\u0105czy\u0107 do dyskusji, nale\u017cy klikn\u0105\u0107 odpowiedni link, przeczyta\u0107 tekst (lub teksty) b\u0119d\u0105ce przedmiotem dyskusji, a nast\u0119pnie doda\u0107 sw\u00f3j komentarz (na samym dole strony). Otwarte dyskusje \u2666 \u00a0 O autonomii maszyn (i ludzi) &hellip; <a href=\"https:\/\/calculemus.org\/fi4\/dyskusje\/\">Czytaj dalej <span class=\"meta-nav\">&rarr;<\/span><\/a><\/p>\n","protected":false},"author":1,"featured_media":0,"parent":0,"menu_order":0,"comment_status":"closed","ping_status":"closed","template":"","meta":[],"_links":{"self":[{"href":"https:\/\/calculemus.org\/fi4\/wp-json\/wp\/v2\/pages\/10"}],"collection":[{"href":"https:\/\/calculemus.org\/fi4\/wp-json\/wp\/v2\/pages"}],"about":[{"href":"https:\/\/calculemus.org\/fi4\/wp-json\/wp\/v2\/types\/page"}],"author":[{"embeddable":true,"href":"https:\/\/calculemus.org\/fi4\/wp-json\/wp\/v2\/users\/1"}],"replies":[{"embeddable":true,"href":"https:\/\/calculemus.org\/fi4\/wp-json\/wp\/v2\/comments?post=10"}],"version-history":[{"count":9,"href":"https:\/\/calculemus.org\/fi4\/wp-json\/wp\/v2\/pages\/10\/revisions"}],"predecessor-version":[{"id":190,"href":"https:\/\/calculemus.org\/fi4\/wp-json\/wp\/v2\/pages\/10\/revisions\/190"}],"wp:attachment":[{"href":"https:\/\/calculemus.org\/fi4\/wp-json\/wp\/v2\/media?parent=10"}],"curies":[{"name":"wp","href":"https:\/\/api.w.org\/{rel}","templated":true}]}}