{"id":173,"date":"2018-11-07T21:16:11","date_gmt":"2018-11-07T20:16:11","guid":{"rendered":"http:\/\/calculemus.org\/fi4\/?page_id=173"},"modified":"2018-11-07T21:16:31","modified_gmt":"2018-11-07T20:16:31","slug":"zielinski","status":"publish","type":"page","link":"https:\/\/calculemus.org\/fi4\/zielinski\/","title":{"rendered":"Cezary Zieli\u0144ski (PW)<br><i>Wp\u0142yw robotyki na spo\u0142ecze\u0144stwo<\/i>"},"content":{"rendered":"<p>Wyk\u0142ad przedstawi aktualne mo\u017cliwo\u015bci robot\u00f3w oraz przewidywany wp\u0142yw rozwoju robotyki na spo\u0142ecze\u0144stwo. Pokazane zostan\u0105 zar\u00f3wno osi\u0105gi techniczne robot\u00f3w, traktowanych jako urz\u0105dzenia mechaniczne, jak i ich zdolno\u015bci do podejmowania decyzji i wsp\u00f3\u0142dzia\u0142ania z lud\u017ami. W tym ostatnim wzgl\u0119dzie poruszone zostanie zastosowanie sztucznej inteligencji w robotyce. <\/p>\n<p>Przy analizie wp\u0142ywu na spo\u0142ecze\u0144stwo wzi\u0119te b\u0119d\u0105  pod uwag\u0119 zar\u00f3wno scenariusze optymistyczne jak i pesymistyczne. Na zako\u0144czenie przedstawione zostan\u0105 obszary badawcze na styku robotyki i nauk humanistycznych, w szczeg\u00f3lno\u015bci filozofii,  a przede wszystkim etyki.<\/p>\n","protected":false},"excerpt":{"rendered":"<p>Wyk\u0142ad przedstawi aktualne mo\u017cliwo\u015bci robot\u00f3w oraz przewidywany wp\u0142yw rozwoju robotyki na spo\u0142ecze\u0144stwo. Pokazane zostan\u0105 zar\u00f3wno osi\u0105gi techniczne robot\u00f3w, traktowanych jako urz\u0105dzenia mechaniczne, jak i ich zdolno\u015bci do podejmowania decyzji i wsp\u00f3\u0142dzia\u0142ania z lud\u017ami. W tym ostatnim wzgl\u0119dzie poruszone zostanie zastosowanie &hellip; <a href=\"https:\/\/calculemus.org\/fi4\/zielinski\/\">Czytaj dalej <span class=\"meta-nav\">&rarr;<\/span><\/a><\/p>\n","protected":false},"author":2,"featured_media":0,"parent":0,"menu_order":0,"comment_status":"closed","ping_status":"closed","template":"onecolumn-page.php","meta":[],"_links":{"self":[{"href":"https:\/\/calculemus.org\/fi4\/wp-json\/wp\/v2\/pages\/173"}],"collection":[{"href":"https:\/\/calculemus.org\/fi4\/wp-json\/wp\/v2\/pages"}],"about":[{"href":"https:\/\/calculemus.org\/fi4\/wp-json\/wp\/v2\/types\/page"}],"author":[{"embeddable":true,"href":"https:\/\/calculemus.org\/fi4\/wp-json\/wp\/v2\/users\/2"}],"replies":[{"embeddable":true,"href":"https:\/\/calculemus.org\/fi4\/wp-json\/wp\/v2\/comments?post=173"}],"version-history":[{"count":2,"href":"https:\/\/calculemus.org\/fi4\/wp-json\/wp\/v2\/pages\/173\/revisions"}],"predecessor-version":[{"id":175,"href":"https:\/\/calculemus.org\/fi4\/wp-json\/wp\/v2\/pages\/173\/revisions\/175"}],"wp:attachment":[{"href":"https:\/\/calculemus.org\/fi4\/wp-json\/wp\/v2\/media?parent=173"}],"curies":[{"name":"wp","href":"https:\/\/api.w.org\/{rel}","templated":true}]}}