{"id":177,"date":"2018-11-10T07:55:21","date_gmt":"2018-11-10T06:55:21","guid":{"rendered":"http:\/\/calculemus.org\/fi4\/?page_id=177"},"modified":"2018-11-10T11:04:42","modified_gmt":"2018-11-10T10:04:42","slug":"maslenicki","status":"publish","type":"page","link":"https:\/\/calculemus.org\/fi4\/maslenicki\/","title":{"rendered":"Konrad Ma\u015blenicki<br><i>O autonomii maszyn (i ludzi)<\/i>"},"content":{"rendered":"<p>Moje wyst\u0105pienie b\u0119dzie osadzone w bardzo bogatym kontek\u015bcie dyskusji filozoficznych, jakie od kilku lat s\u0105 prowadzone na blogu akademickim Cafe Aleph (zob. <a href=\"http:\/\/marciszewski.eu\/\">http:\/\/marciszewski.eu\/<\/a>)<\/p>\n<p>Poni\u017cej inicjuj\u0119 kr\u00f3tko dwa kluczowe w\u0105tki mojego wyst\u0105pienia. S\u0105 one rozwini\u0119te w szerszym tek\u015bcie, kt\u00f3ry zalinkowa\u0142em na samym dole strony.<\/p>\n<p><strong>Kwestia wolnej woli.<\/strong> Przekonanie o niepodleg\u0142o\u015bci intelektu ludzkiego wobec fizycznych konieczno\u015bci by\u0142o (tak\u017ce) obecne w\u015br\u00f3d wielu dyskutant\u00f3w na Cafe Aleph (kszta\u0142c\u0105cych si\u0119 na technicznej uczelni).\u00a0 Warto jednak zauwa\u017cy\u0107, \u017ce Schopenhauer w kr\u00f3tkiej pracy \u201eO wolno\u015bci ludzkiej woli\u201d przedstawi\u0142 do\u015b\u0107 jasno konieczno\u015bci jakim podleg\u0142a jest ludzka wola. Przywo\u0142uj\u0119 to stanowisko tak\u017ce dlatego, \u017ce dla uznania wagi jego argumentacji nie potrzebne jest przyjmowanie materialistycznego obrazu \u2018Ja\u2019 (takiego za\u0142o\u017cenia nie chcieliby pewnie uzna\u0107 nie tylko w\/w dyskutanci).<\/p>\n<p>Argumentacja owego pesymistycznego filozofa opiera si\u0119 na bardziej og\u00f3lnej obserwacji dotycz\u0105cej logosu rzeczywisto\u015bci (i sta\u0142o\u015bci cech charakter\u00f3w ludzkich i ludzkiego rozumowania). Skr\u00f3towo rzecz ujmuj\u0105c: je\u015bli chcemy wierzy\u0107, \u017ce nasze dzia\u0142ania maj\u0105 przyczyny \u2013 s\u0105 cho\u0107by skutkami naszych przekona\u0144 \u2013 to nawet je\u015bli zapisane s\u0105 (owe przekonania) metafizycznymi zg\u0142oskami w idealnej ksi\u0119dze naszego charakteru to post\u0119pujemy zgodnie z nimi koniecznie \u2013 nawet je\u015bli wybierzemy by dla kaprysu postawi\u0107 w decyzji na rzut monet\u0105. Post\u0119powanie niezgodne z domnieman\u0105 metafizyczn\u0105\/idealn\u0105 konstrukcj\u0105 a wr\u0119cz przypadkowe, by\u0142oby wyrazem swoistego rozpadu osobowo\u015bci. Gdyby komu\u015b si\u0119 co\u015b takiego przydarzy\u0142o pewnie twierdzi\u0142by, \u017ce by\u0142 to wyraz jakiej\u015b choroby \u2013 zewn\u0119trznego (nieautonomicznego) wp\u0142ywu. Osobie regularnie tak (losowo) post\u0119puj\u0105cej odm\u00f3wiono by pewnie w spo\u0142ecze\u0144stwie prawa do autonomii i samostanowienia (by\u0107 mo\u017ce kieruj\u0105c do zamkni\u0119tego zak\u0142adu).<\/p>\n<p><strong>Kwestia autonomii.<\/strong> \u2018Autonomia\u2019 wyra\u017ca si\u0119 mi\u0119dzy innymi poprzez manifestowanie si\u0119 racjonalno\u015bci i swoistego (inteligentnego) zrozumienia pozycji w \u015brodowisku \u2013 tak\u017ce poprzez (\u201ewystarczaj\u0105co\u201d regularnie trafne) modyfikowanie zachowa\u0144 ku przetrwaniu\u00a0 (\u2018autonomia\u2019 objawia si\u0119 wobec zewn\u0119trznego \u015brodowiska \u2013 nawet je\u015bli polega na algorytmicznym wyodr\u0119bnianiu si\u0119 z niego).<\/p>\n<p>Taki m\u00f3j ogl\u0105d sprawy sprawi\u0142, \u017ce powa\u017cy\u0142em si\u0119 przedstawi\u0107 swoj\u0105 propozycj\u0119 na Cafe Aleph \u2013 dotycz\u0105c\u0105 zast\u0105pienia \u201egenerator\u00f3w losowo\u015bci\u201d poprzez sztuczne sieci neuronowe (SSN). Sztuczne uk\u0142ady na\u015bladuj\u0105ce spos\u00f3b dzia\u0142ania \u201esystem\u00f3w steruj\u0105cych\u201d ludzkimi organizmami powinny towarzyszy\u0107 funkcjonowaniu automat\u00f3w wykonuj\u0105cych ich zadania zgodnie z algorytmicznymi programami. SSN mia\u0142yby monitorowa\u0107 stany automatu wobec okoliczno\u015bci w jakich wykonuje on zadania, tak by w SSN odzwierciedli\u0142 si\u0119 w\/w \u201elogos\u201d zjawisk maj\u0105cych wp\u0142yw na skuteczne funkcjonowanie. Tak\u017ce interwencje tw\u00f3rc\u00f3w automat\u00f3w (w wypadku impasu po\u0142\u0105czonych si\u0142 \u201ealgorytm\u00f3w\u201d i SSN) znale\u017a\u0107 powinny odzwierciedlenie w strukturach SSN \u2013 maj\u0105c wp\u0142yw na \u201ereprezentacj\u0119 znaczenia\u201d przetrwania i funkcji jak\u0105 ma spe\u0142nia\u0107 \u00f3w automat (\u201eodczuwanie\u201d rozumienia znaczenia przez automat manifestowa\u0142oby si\u0119 w post\u0119powaniu zgodnym z regu\u0142\u0105 niezaprogramowan\u0105 w algorytmach). Ostatecznie w wypadku zap\u0119tlenia si\u0119 algorytm\u00f3w (i wobec braku interwencji programist\u00f3w) to nie generatory losowo\u015bci przejmowa\u0142y ster a w\u0142a\u015bnie wynik oblicze\u0144 r\u00f3wnolegle przetwarzaj\u0105cych struktur SSN o kt\u00f3rych (mogliby\u015bmy mie\u0107 nadzieje, \u017ce s\u0105) jakkolwiek s\u0105 adekwatne do sytuacji. Takie rozwi\u0105zanie by\u0142oby lepszym odzwierciedleniem znaczenia (trafnego)\u2018autonomii\u2019. Moja \u017cona (pedagog) zwr\u00f3ci\u0142a mi uwag\u0119, na to, \u017ce opisa\u0142em proces analogiczny do nauki dziecka \u2013 wzrastaj\u0105cej z nauk\u0105 \u2018samodzielno\u015bci\u2019. Tym bardziej uwa\u017cam, \u017ce \u2018autonomia\u2019 tak uzyskana by\u0142aby trafnym odzwierciedleniem ludzkiej \u2013 r\u00f3wnie\u017c wzrasta\u0142aby\u201d wraz z \u201edo\u015bwiadczeniem\u201d. Uwa\u017camy, \u017ce dzieci staj\u0105 si\u0119 coraz bardziej \u2018samodzielne\u2019 (autonomiczne) gdy potrafi\u0105 poradzi\u0107 sobie coraz lepiej wobec nowych okoliczno\u015bci- nie dociekamy czy s\u0105 (ich dzia\u0142ania) tylko wykorzystaniem \u201ewytresowanych\u201d schemat\u00f3w (na\u0142o\u017ceniem mieszanki r\u00f3\u017cnych znanych im sposob\u00f3w post\u0119powania i wrodzonych instynkt\u00f3w\/ intuicji).<\/p>\n<p>\u2018(Samo)dzielno\u015b\u0107\u2019 jest cnot\u0105, pozwalaj\u0105ca bytowi na urzeczywistnianie jego \u2018istoty\u2019 (osi\u0105gni\u0119cie jego dobra) &#8211; wewn\u0119trzna istota i odczucie dobra s\u0105 s\u0105 zawsze okre\u015blone. \u2018Autonomia\u2019 to przede wszystkim przetrwanie (kontynuacja \u2013 nawet zaprogramowanego &#8211; dzia\u0142ania) w \u015awiecie. (Odkurzacz, kt\u00f3ry przerwie czyszczenie dywanu by si\u0119 na\u0142adowa\u0107 mo\u017ce by\u0107 okre\u015blony mianem w jakim\u015b stopniu autonomicznego- taki, w kt\u00f3rym wobec problem\u00f3w zaniku \u201emocy\u201d steruj\u0105ce nim algorytmy uruchomi\u0105\u00a0 modu\u0142 \u201ewirtualnego rzutu kostk\u0105\u201d b\u0119dzie niedorzecznym.)<\/p>\n<p><strong>MATERIA\u0141Y DO DYSKUSJI<\/strong><\/p>\n<p>1)\u00a0\u00a0\u00a0 <a href=\"http:\/\/stac.calculemus.org\/pdf\/Maslenicki-tekst-na-FI4.pdf\" target=\"_blank\" rel=\"noopener\">Szerszy kontekst referatu<\/a> (tekst K. Ma\u015blenickiego)<br \/>\n2) \u00a0 <a href=\"http:\/\/marciszewski.eu\/?p=7542\" target=\"_blank\" rel=\"noopener\">O maszynach autonomicznych <\/a> (wpis i dyskusja w blogu Cafe Aleph)<\/p>\n","protected":false},"excerpt":{"rendered":"<p>Moje wyst\u0105pienie b\u0119dzie osadzone w bardzo bogatym kontek\u015bcie dyskusji filozoficznych, jakie od kilku lat s\u0105 prowadzone na blogu akademickim Cafe Aleph (zob. http:\/\/marciszewski.eu\/) Poni\u017cej inicjuj\u0119 kr\u00f3tko dwa kluczowe w\u0105tki mojego wyst\u0105pienia. S\u0105 one rozwini\u0119te w szerszym tek\u015bcie, kt\u00f3ry zalinkowa\u0142em na &hellip; <a href=\"https:\/\/calculemus.org\/fi4\/maslenicki\/\">Czytaj dalej <span class=\"meta-nav\">&rarr;<\/span><\/a><\/p>\n","protected":false},"author":2,"featured_media":0,"parent":0,"menu_order":0,"comment_status":"open","ping_status":"closed","template":"onecolumn-page.php","meta":[],"_links":{"self":[{"href":"https:\/\/calculemus.org\/fi4\/wp-json\/wp\/v2\/pages\/177"}],"collection":[{"href":"https:\/\/calculemus.org\/fi4\/wp-json\/wp\/v2\/pages"}],"about":[{"href":"https:\/\/calculemus.org\/fi4\/wp-json\/wp\/v2\/types\/page"}],"author":[{"embeddable":true,"href":"https:\/\/calculemus.org\/fi4\/wp-json\/wp\/v2\/users\/2"}],"replies":[{"embeddable":true,"href":"https:\/\/calculemus.org\/fi4\/wp-json\/wp\/v2\/comments?post=177"}],"version-history":[{"count":7,"href":"https:\/\/calculemus.org\/fi4\/wp-json\/wp\/v2\/pages\/177\/revisions"}],"predecessor-version":[{"id":188,"href":"https:\/\/calculemus.org\/fi4\/wp-json\/wp\/v2\/pages\/177\/revisions\/188"}],"wp:attachment":[{"href":"https:\/\/calculemus.org\/fi4\/wp-json\/wp\/v2\/media?parent=177"}],"curies":[{"name":"wp","href":"https:\/\/api.w.org\/{rel}","templated":true}]}}